4*v + 5, 5*r - 6*r + v = 5. Let q(o) be the third derivative of o**6/120 + o**5/15 - o**3/6 + 2*o**2. Determine q(r).
8
Let t(j) = 34*j**2 - 35*j**2 + 3*j + 7 + 3*j. What is t(7)?
0
Let t = -4 + 6. Let z(x) be the first derivative of -x**2/2 + 1. Calculate z(t).
-2
Let s(r) be the second derivative of -r**5/20 + 5*r**4/12 + 2*r**3/3 + 7*r**2/2 + 8*r. Give s(6).
-5
Let n(d) = -d**2 + d - 10. Let i(b) = -b**2 + 15*b + 16. Let u be i(16). Determine n(u).
-10
Let m = 0 - -4. Suppose -5*x = 2*z - m, 5 + 1 = 3*z - 3*x. Let o(l) = 3*l**2 + 0*l**2 + 2 - 2*l**z + 3*l. Give o(-3).
2
Suppose 0 = 3*n - 2*n + 4*h + 2, -10 = -3*n + 4*h. Let j(w) be the first derivative of -3/2*w**n + 2 - w + 2/3*w**3. Calculate j(3).
8
Suppose 3 = r - 0. Suppose -r*u = 2*f + u - 12, -2*f = 2*u - 6. Suppose 5*d - 2*x - 12 = -4*x, f = -3*d - 5*x - 8. Let s(q) = q + 1. Calculate s(d).
5
Let n(g) = 3 - 4 - 1 + g + 3. Let s(x) = 1. Let w(h) = -8*h - 9. Let p(c) = 5*s(c) + w(c). Let q(a) = 5*n(a) + p(a). What is q(-1)?
4
Let n(s) = -s**3 + s**2 + s + 5. Suppose 0 = 4*v + 8, 3*l = -3*v - v + 10. Let g = -6 + l. Suppose g = -2*b - b. Determine n(b).
5
Suppose -2*i + 4*i = -6. Let h(o) = -2*o. What is h(i)?
6
Let w(l) = 7*l**3 - 2*l**2 + l. Let v = 23 - -5. Suppose -4*c + f - 6 = -f, -3*c = 5*f - v. Determine w(c).
6
Let y(f) be the second derivative of f**6/120 - f**5/30 - f**4/6 + 2*f**3/3 - 2*f**2 + 4*f. Let x(o) be the first derivative of y(o). Give x(3).
1
Let l(i) = -4*i + 9. Let v(k) be the first derivative of -k**2/2 + k + 3. Let x(d) = l(d) - 5*v(d). Let n = 10 + -14. Determine x(n).
0
Let l be -4 + 3*(-2 - -3). Let a = l + 3. Let f(s) = s**3 - s**2 - 2. Give f(a).
2
Let h(z) be the second derivative of 1/6*z**3 + 0 - 3*z - z**2. Give h(1).
-1
Let a(d) = -d + 4. Let o(w) = 4*w + 14. Let z(r) = 5*r + 14. Let s(t) = -4*o(t) + 3*z(t). Let b be s(-10). What is a(b)?
8
Let q(a) = -6*a**3 + a**2 + a - 1. Let l be ((-8)/12)/(2/(-3)). Give q(l).
-5
Let i(a) = -4*a. Let h(u) be the third derivative of -17*u**4/24 - u**3/6 - u**2. Let r(z) = -2*h(z) + 9*i(z). Let c be (5/(-10))/((-2)/12). Calculate r(c).
-4
Let v(b) = -b. Let f(m) = m**2 + 7*m - 22. Let g(a) = f(a) + 6*v(a). Determine g(0).
-22
Let s(q) = q + 15. Let m be s(-12). Let w(i) = 1 - 2*i - 4*i**2 + 0*i + m*i. Calculate w(-1).
-4
Let a(l) = 6*l**2 - l. Let z(y) = 7*y**2 - y. Suppose -9 = r + 2*r. Let x(t) = r*z(t) + 4*a(t). Let p = -2 - -1. Determine x(p).
4
Let p(d) = 8 - 7*d**2 + 3*d - 3*d**2 + 2*d**2 + d**3 + 0. Give p(7).
-20
Let b(z) = -z**2 - 7*z - 7. Let j(h) = -2*h**2 + 3*h + 4. Suppose 0 = -5*q - 4*a - 5, -3*q - 2*q + 20 = -a. Let n be j(q). Give b(n).
3
Let o(m) be the first derivative of 2*m**2 + 4*m - 5. Give o(-5).
-16
Let a = 2 + 3. Let o(u) be the third derivative of u**6/120 - u**5/12 - u**4/24 + u**3/2 + u**2. Determine o(a).
-2
Let f(c) = 4*c**2 + c - 10. Let h(y) = -y**2 - y + 3. Let n(r) = 2*f(r) + 7*h(r). Give n(2).
-5
Let g(c) = -5*c**3 + 2*c**2 + 2*c - 3. Suppose -5*r - 5*k = 10, -r + 2 = 2*r - 5*k. Let t(z) = z**3 - z**2 + 1. Let x(i) = r*g(i) - 4*t(i). Calculate x(-2).
3
Let t(d) be the first derivative of d**6/120 + d**5/40 - d**3 + 1. Let j(z) be the third derivative of t(z). Calculate j(-2).
6
Let y(m) = 13*m - 8. Let r(v) = 7*v - 4. Let k(z) = 11*r(z) - 6*y(z). Let u be k(2). Let n(t) = u + 2*t + 2 + 0. Calculate n(-4).
-4
Let c(o) = o**3 - 2*o**2 + 2*o - 1. Let h be c(1). Let k(f) = -f**2 + 0*f + 1 - 2 + h + 2*f. Suppose -s = 3 - 4. What is k(s)?
0
Let k(o) be the third derivative of o**5/60 + o**4/6 - o**3/3 - o**2. Let y(f) be the first derivative of k(f). What is y(-4)?
-4
Let v be (-15)/(-12) - (-2)/(-8). Let h = 6 - 2. Let j(c) = -2*c - h - c + 1 + 4. Determine j(v).
-2
Let u(t) = 2*t - 4. Let z be u(5). Suppose -3*j + z = 2*v, 4*v = 4*j - 10 + 2. Let f(y) = y - 1. Determine f(j).
1
Let f(l) be the third derivative of l**4/24 - l**3/3 - 23*l**2. Give f(9).
7
Suppose 21 = 2*v + 3*g + 2*g, 4*g = 12. Let c(f) = f. Let h(n) be the second derivative of -7*n**3/6 - 2*n**2 - 3*n. Let j(t) = 6*c(t) + h(t). Determine j(v).
-7
Suppose 3*a - 13 + 40 = 3*g, -5*g + 3*a + 41 = 0. Let y(p) = -p**3 + 7*p**2 + 7. Give y(g).
7
Let d(k) = 1 - 2 + 4*k - 21*k + 2. Determine d(1).
-16
Let b(o) = o**2 + 4*o + 1. Let t be b(-3). Let s(z) = -2*z**2 - 2. Determine s(t).
-10
Let o(r) = -2 + 2 + 5 + r + 1. What is o(-10)?
-4
Let g be 3/9 + 47/3. Suppose 4*j - 32 = -3*w + 4*w, -2*w - g = -2*j. Let z(u) = 5*u - 4*u + j - 3. What is z(0)?
5
Let f(j) = -3 + j**3 + 0 - j + 0*j**2 - 3*j**2. Let d be f(3). Let k(w) = w**2 + 8*w + 6. Calculate k(d).
-6
Suppose 0*p = 2*p - 8. Let h(d) = -5*d - 7. Let c(i) = -4*i - 7. Let s(r) = -6*c(r) + 5*h(r). Determine s(p).
3
Let j(z) = -16*z - 1. Let t be (-8 - -5) + (6 - 4). Determine j(t).
15
Suppose 3 = 5*u - 12. Suppose 0 = d + 3*q + 5, -19 = -u*d + q - 4. Let t(c) be the second derivative of c**4/12 - c**3 + 5*c**2/2 - c. What is t(d)?
-3
Let p(k) = k**3 - k**2 - 3*k - 3. Let v be 16/(-56) - 16/(-7). Suppose v = -b - 0*b. Calculate p(b).
-9
Let f(w) = 21*w**3 + 4*w + w**2 - 22*w**3 + w**2. Calculate f(3).
3
Let l be 3 - 4*(-2)/(-8). Let r(g) = -g**3 + g**2 + 2*g - 3. Give r(l).
-3
Let s = 27 - 26. Let x be 3/(-2)*(-8)/6. Let i = x - s. Let z(y) = -y. Give z(i).
-1
Suppose 4*y - 8 = 0, -3*y + 41 = 5*u - 0*y. Let o(v) = 4 - 9 + v**2 + u - v. Let r = -1 + 1. What is o(r)?
2
Let k be 2/(-2 - -1) - -22. Suppose -2 = t + 4*u, -3*t + 7*t = -4*u - k. Let q(l) = l**2 + 6*l + 1. Give q(t).
1
Let s(m) = 12*m**3 + 10*m**2 - 13*m + 4. Let v(a) = -7*a**3 - 5*a**2 + 7*a - 2. Let x(t) = -4*s(t) - 7*v(t). What is x(5)?
13
Let n(z) = 15*z - 7. Let q(a) = 7*a - 3. Let d(j) = -2*n(j) + 5*q(j). Give d(4).
19
Let y(c) = c**3 - 6*c**2 - 7*c - 3. Suppose r + 7 = 2*r. Let d be y(r). Let x(t) = t + 6. What is x(d)?
3
Let b(y) = y**3 + 0*y**2 - 6*y**2 + 6*y + 11 - 3*y**2. Determine b(8).
-5
Let q(v) = -5*v - 5*v + 3*v + 1 + v. What is q(2)?
-11
Let l(v) = -2*v + 15. Let c(u) = -1. Let p(z) = -6*c(z) - l(z). Calculate p(6).
3
Let t(v) be the third derivative of 1/120*v**5 + 0*v - 2*v**2 - 1/240*v**6 + 0*v**3 + 0 - 1/8*v**4. Let a(r) be the second derivative of t(r). Calculate a(2).
-5
Let o(d) = d**2 - 11*d + 7. Let t be 21/2 - 18/36. Determine o(t).
-3
Suppose -3*d = -5*d + 3*t + 6, -4*t = -3*d + 7. Let m = -2 + d. Let c(k) = 1 + k**2 + 4 + 1 + 7*k. Give c(m).
-4
Let n(r) = 3*r - 3. Let u be n(2). Let l(a) = -1 + a**2 - 3*a**2 + a - 3*a**3 + 4*a**3 - 3*a. Calculate l(u).
2
Let t(n) = 3*n + 6. Let a(l) = 3*l - 1. Let k(q) = -2*q. Let z(s) = 6*a(s) + 10*k(s). Let c(b) = 3*t(b) + 4*z(b). Determine c(5).
-1
Let m(u) = 4*u**2 - 2*u + 10. Let t(s) = 3*s**2 - 2*s + 9. Let d(q) = 4*m(q) - 5*t(q). What is d(-4)?
3
Let b(x) = -x**2 - 4*x - 1. Let o = 7 + -12. Calculate b(o).
-6
Let n(w) = 2*w**3 + 6*w**2 - w - 3. Let l(k) = 6*k**3 + 17*k**2 - 2*k - 8. Let o = 19 + -27. Let s(g) = o*n(g) + 3*l(g). Calculate s(-2).
-8
Let o(j) = -j**3 + 2*j**2 - j. Suppose 3*i - 6 + 3 = 0. What is o(i)?
0
Let h(a) be the third derivative of a**4/24 - 5*a**3/6 + 4*a**2. Let n be 0 + 2/2 + -5. Let j(g) = -g**3 - 5*g**2 - 4*g + 5. Let r be j(n). What is h(r)?
0
Let x(t) be the third derivative of t**5/60 - t**4/12 - 5*t**3/6 + 4*t**2. Let o = -6 - -8. Suppose 18 - o = 4*k. Calculate x(k).
3
Let q(y) be the third derivative of -5/6*y**3 + 0 + 0*y - 2*y**2 - 1/12*y**4. Let s be (-6)/(-15)*10/(-1). Give q(s).
3
Let j(g) = 2*g - 2. Let q be j(2). Suppose 3*w + q = 4*w. Let y(i) = 0 + w*i + 0. Give y(-3).
-6
Let t(b) = b + 2. Let k be (-1 - 3)/((-3)/(12/8)). Determine t(k).
4
Let d(a) = -a**3 + 6*a**2 + 3. Suppose 4*k - 11 = -2*f + 9, 4*k = -5*f + 38. Give d(f).
3
Let a be 0/(6/(-3) + 3). Let h(c) be the first derivative of c**4/24 - 11*c**3/6 + 2*c**2 - 1. Let w(k) be the second derivative of h(k). Calculate w(a).
-11
Let s(r) be the second derivative of -r**4/12 + 7*r**3/6 - 5*r**2/2 - 64*r. Let y(g) = g + 2. Let x be y(3). Calculate s(x).
5
Let j(k) = -9*k + 23. Let r(t) = 5*t - 11. Let h(o) = -4*j(o) - 7*r(o). Let l be h(13). Let u(a) = -a**3 - 4*a**2 - a + 2. What is u(l)?
-4
Let t(x) = -4*x**3 - 1 + 7*x**3 - 4*x**3 - x**2 - x. Give t(0).
-1
Let m(s) = 5*s - 6. Let f(i) = i + 1. Let y be -1*((-4)/(-2) - 0). Let l be (y/(-1) + -1)*1. Le